l + 1 = 0. Is (-161)/(-3 - (l + -3)) a composite number?
True
Suppose -6426 = -3*a + 5*j + 607, 4*a - 4*j = 9388. Is a composite?
False
Let c be (-2)/8*2/1*0. Suppose c = -17*h + 35831 - 12694. Is h composite?
False
Let p(z) = 2495*z**3 + z - 1. Let r(j) = -j**3 - 2*j**2 + 3*j + 1. Let v be r(-3). Is p(v) composite?
True
Suppose -5*z = s + 471 - 40, -2*s = 4*z + 880. Let l(w) = -336*w - 11. Let j be l(-3). Let u = s + j. Is u a composite number?
True
Let g(l) = 88*l**3 - 2*l**2 + 3*l - 4. Is g(3) composite?
True
Suppose -20*a = -16*a - 103268. Is a composite?
True
Suppose -5*p + 162 = 4*c, 3*p = 4*c + 103 - 25. Let j be 0/(1 + 3) + p. Suppose -4*w + 328 + j = -5*q, -5*q = 5*w - 425. Is w composite?
True
Suppose -4*l + 11*l - 6034 = 0. Let y = -19 + l. Is y a prime number?
False
Suppose -15018 = 5*p - 3*t - 79471, 0 = p - 2*t - 12885. Is p a composite number?
False
Let m(h) = -55*h**2 + 2*h + 3. Let p be m(-5). Is 1*p*(-3)/6 a prime number?
True
Let u(a) = 2*a**2 + a - 4. Let c be (2/3)/(6/81). Let z(k) = 7*k**2 + 4*k - 17. Let y(i) = c*u(i) - 2*z(i). Is y(-7) a composite number?
True
Let x = 1 - 5. Let v(d) = 5*d**2 + 2*d - 1. Let b be v(x). Let r = -40 + b. Is r composite?
False
Let i = 73004 - 4877. Is i prime?
False
Suppose 2038 = l + 690. Suppose 6*t = 4*t + l. Is t a prime number?
False
Let z = 35410 - 20917. Is z a composite number?
True
Let v(d) = -d - 2. Let u be v(-4). Let s be (-1)/u*2 + 4. Suppose s*n = -n + 132. Is n composite?
True
Suppose -d - 1457 = -3*g - 3*d, 5*g + 5*d = 2430. Is g prime?
False
Let q be ((-48)/40)/(3/(-10)). Let z be (11 - q) + -2 + 6. Suppose -5*t - 4*h + z = -4, 0 = 4*t + h - 23. Is t composite?
False
Let t = -601 - -267. Is -1*(2 + 1) - t composite?
False
Suppose 5*j + 9 = 8*j. Suppose -2*z + 281 = 2*s - 33, -j*z + 455 = -5*s. Is z a composite number?
True
Let g(h) be the second derivative of -5/2*h**2 + 18*h**3 + h + 0. Is g(3) a composite number?
True
Suppose 0 = -4*v + 1 + 23. Let q(i) be the second derivative of 5*i**3/2 - 13*i**2/2 + 29*i. Is q(v) a prime number?
False
Let p(r) = 28*r - 9. Let m be p(3). Let n = m + -54. Is n a prime number?
False
Let u be (15 + 1)/4 + -88. Let k(p) = p**3 - 3*p**2 - 4*p - 1. Let v be k(7). Let q = v + u. Is q a prime number?
True
Let u be (-9 + 1 + 2)*-2. Suppose -g - 3*g - u = 0. Is 1 + 1 + 192 + g a prime number?
True
Let y = 42260 + -29157. Is y composite?
False
Suppose 5*k + 6 = 8*k. Is k*(1908/8 + 2) a composite number?
True
Is -37 - -41 - (-17 + 0) a prime number?
False
Suppose 61*i + 23*i = 506604. Is i prime?
False
Let a = -213 + 4. Let w = a + 696. Is w composite?
False
Suppose 5*o - 20 = -0*o. Suppose 5*y + 40 = 2*k - 0*k, o*y + 104 = 4*k. Is 4/10 - (-7698)/k composite?
False
Let x(u) = 71*u**2 + 6*u + 6. Let b = -97 - -90. Is x(b) prime?
False
Let g(q) be the first derivative of q**3/3 - 6*q**2 + 2*q + 5. Let m be g(11). Is 1/(-3) + (-120)/m a prime number?
True
Suppose 3*x = -2*h + 9 - 1, 7 = 4*x - h. Let s(u) = -9*u + 20*u**2 - 13 + 10*u + 11*u**x. Is s(-6) prime?
True
Let u(s) = s**3 - 24*s**2 + 39*s - 7. Is u(26) prime?
False
Suppose -6*l - 10801 = -13*l. Is l composite?
False
Suppose 12*p = -5*o + 10*p + 30, -12 = 2*o - 4*p. Suppose -3*b = b - 12. Suppose 0*m = 3*m - b*y - 51, -o*y + 8 = 0. Is m prime?
True
Suppose -5*o + 1 = -4*o, -2*o + 654 = 2*b. Suppose 8*g - 23634 = b. Is g composite?
True
Let o = 4511 - 1476. Is o a prime number?
False
Let z = 2373 + 1816. Is z composite?
True
Let o(k) = -1 + 6 + k**3 - k + 0*k**2 + 13*k**2. Suppose 10 = 2*f + 34. Is o(f) a composite number?
True
Let r = 74 - -623. Is r composite?
True
Let c = 21 - 24. Let j(g) = -g**3 - 3*g**2 - 2*g - 1. Let b be j(c). Suppose 26 = b*w - 24. Is w a prime number?
False
Suppose 0 = -4*s - 2*w + 37 - 11, -3*w - 15 = -3*s. Suppose 0*a = -s*a + 1614. Is a a prime number?
True
Let o(c) = -c**3 + 22*c**2 + 6*c + 59. Let b(l) = -l**2 + l + 1. Let n(g) = -6*b(g) + o(g). Is n(24) composite?
False
Suppose 2*i = 28578 + 31288. Is i a composite number?
True
Let t be 43*5 + 4 + -4. Let q = -153 + t. Suppose 0*m - 2*m = -q. Is m prime?
True
Let q(o) = o**2 - 5*o + 13. Let g = -1 - 3. Let z(w) = 2*w**2 - 6*w + 13. Let a(i) = g*q(i) + 5*z(i). Is a(12) prime?
True
Let v(m) = -m. Let z be v(4). Is z*((-2140)/(-16))/(-1) composite?
True
Let a be (2/2 - 4)*12. Let o be a/(-8)*(-38)/(-3). Suppose z - o = 3*m - 4*m, 167 = 3*m + z. Is m a composite number?
True
Let d(f) = 82*f + 3 + 6 - 8. Is d(1) a composite number?
False
Let n = -130 + 133. Suppose n*t - 5*r = 8288, -2756 = 6*t - 7*t + 3*r. Is t prime?
False
Let g be 9/(-3)*(-12)/9. Suppose 2*a - 2 = -2*w, 3*a = -5*w + g*a + 11. Suppose 0 = w*j - 0*j - 70. Is j prime?
False
Let r(x) = 6540*x + 7. Is r(1) a prime number?
True
Let c = -1050 + 2828. Suppose -3*d + 1 - 5 = 4*b, 0 = 2*d + 5*b + 12. Suppose 0 = -d*p - 3*g + c + 1898, 0 = 2*p - 5*g - 1838. Is p composite?
False
Let y(s) = 311*s - 1. Let i be y(-1). Let b = i + 72. Let a = 401 + b. Is a a composite number?
True
Suppose 0 = 4*o - 25*t + 26*t - 29131, 5*o - 3*t = 36418. Is o a prime number?
True
Let r = 170 - 611. Let g = 208 - r. Is g a composite number?
True
Let n = 7505 + -2352. Is n a prime number?
True
Suppose 10*n - 484672 = 342238. Is n a prime number?
False
Let v(n) = n**3 + 38*n**2 + 30*n + 74. Is v(-27) prime?
True
Let d = -116 - -122. Suppose d*i = 8*i - 1526. Is i a prime number?
False
Suppose 0 = 7*p - 10*p - 18. Is p/(-21) + 761/7 prime?
True
Let w(g) = 4*g**3 - g**2 - 10*g + 2. Let n be w(4). Suppose -2*m = 4*t - n, 5*m - t = -0*m + 549. Is m composite?
False
Suppose 39*c = 4*c + 5495. Is c a prime number?
True
Is (-250785)/(-15) + 5 + (-1)/1 composite?
True
Let h(s) = -s**3 - s**2 + 251. Suppose -4*g + 25 = 25. Is h(g) a prime number?
True
Suppose 13*i - 227908 = 100563. Is i composite?
True
Suppose b - 2247 - 30 = -3*x, 2*b - 4522 = 2*x. Suppose -q + 4*d = -1115, -q - d - b = -3*q. Is q composite?
True
Suppose c = -t - 10, c + 11 + 27 = -5*t. Let s(r) = -2*r**3 + 10*r**2 + 4*r**3 - 8 - r**3. Is s(t) prime?
True
Suppose -h = -m + 39526, 59900 = 2*m - 5*h - 19161. Is m prime?
False
Suppose 413 - 164 = 2*d + u, -5*d + 5*u + 630 = 0. Suppose -24 = -i + d. Is i prime?
True
Let j = 141499 + -77798. Is j composite?
True
Let v = -8 + 15. Let q(k) = -k**3 + 7*k**2 + 2. Let d be q(v). Suppose 0 = -c + d*u + 2*u + 81, -u = -3*c + 265. Is c prime?
True
Let t(d) = -2*d - 10. Let h be t(-7). Is h/10 - (-56916)/60 a composite number?
True
Let y = 129 + -218. Let p = y + 1022. Is p a prime number?
False
Suppose 11*d + 2 - 2 = 0. Suppose -2*m + 7179 = -p, -m - p = -d*p - 3588. Is m a composite number?
True
Suppose -5*k = -4*k - 9. Suppose 229 - 2992 = -k*t. Is t composite?
False
Let y = -124 - -127. Suppose -4*r - y*v + 791 + 273 = 0, 0 = -3*r + 3*v + 777. Is r prime?
True
Let b be (3/(-2))/((-6)/200). Let y be 4 - (4 - 3 - -95). Let t = b - y. Is t a prime number?
False
Let z = 1864 - 1090. Suppose -z = -3*g + 849. Is g composite?
False
Let i be ((-145)/(-3))/((-10)/120). Let o = i - -2019. Is o a prime number?
True
Suppose 5*b = 14 + 1. Suppose -4*z + 5957 = b*z. Is z prime?
False
Let l be (1 - (-18)/(-10))*1100/(-40). Suppose -l + 56 = t. Is t a composite number?
True
Suppose 3*y - 2*h = 6*y - 19, 5*h = 2*y + 19. Let m be y/(-5) - 12106/(-10). Suppose -5*x - 4*n + m = 79, -x - n + 227 = 0. Is x composite?
False
Let v = -31 + 31. Is (-212 - -1)*(-1 + v) composite?
False
Let x = 4247 - -23150. Is x prime?
True
Let a(d) = 1065*d**3 - 2*d**2 + 66*d - 135. Is a(2) a prime number?
False
Let o(k) = -k**3 - 22*k**2 + 16*k - 5. Let r be o(-22). Suppose -3*a - 385 = -2215. Let z = r + a. Is z a prime number?
False
Suppose -34*x + 16345 = -39*x. Let f = 6208 + x. Is f a prime number?
True
Let k = 4 - 5. Let z be (-10 + k)*(1 - 20). Let v = z - 130. Is v composite?
False
Is (-2 - -1696) + (-19 - -14) a composite number?
True
Let j(u) be the first derivative of -10*u**2 + 25*u - 7. Is j(-6) a prime number?
False
Let f(b) = 71*b**3 - b**2 - 2*b - 2. Let m(i) = -i**3 + i**2 + 1. Let n(z) = -f(z) - m(z). Is n(-2) prime?
True
Let v be 3/((-21)/2) + 215/(-301). Is (v - -4)*((-1164)/(-9) - 3) prime?
True
Suppose 5 = v + 2*s - 6, 4*v + 3*s = 34. Let k = 27 - v. Let o = 55 - k. Is o a composite number?
Tru